
56
Calculate 10 - (2 - 4) - (1 - (29 - (45 + -5))).
0
Calculate 57 + 1 + 0 + -29 + -70.
-41
Calculate -14 - (31 - 28) - -34.
17
What is the value of -6 - -7 - (-316 + 433)?
-116
Evaluate -4 + (-51 - -3) + (4 - -24 - 23).
-47
What is the value of 12 + (-66 - -1 - 54)?
-107
What is -123 + 0 + (-8780 - -8798)?
-105
Calculate (19 + -7 - ((-9 - -30) + -10)) + 132.
133
(17 - -24) + -87 + 56
10
What is the value of 54 + (3 - (2 + -10) - (-7 + (2 - -10)))?
60
Evaluate (-93 - -93) + (0 - 4) + -34 + 47.
9
Calculate (-6 - -6 - (4 + -1)) + (-23 - 12).
-38
What is the value of 1 + (-6 - (61 + (-25 - -14))) + 11?
-44
What is -1 - 10 - (-87 - -73) - 1?
2
What is the value of 9 - (-16 + 19) - (5 + -9 + 10) - -38?
38
What is 0 + 2 + 1 + -29 + 37 + 0 + -2?
9
Calculate 2 + 49 - (911 - 918).
58
Evaluate (-15 - 5 - -17 - (9 - 11)) + (19 - -1).
19
Calculate -20 - (-45 - -42) - (1 + -1).
-17
Evaluate 21 - -2 - 0 - (70 + (193 - 254)).
14
What is the value of (75 - 152) + 0 + 4 + 293 + -292?
-72
What is (263 - 194) + (-5 - (-1 + 1)) + 5?
69
-52 - (58 - 68 - 27)
-15
What is the value of -32 + 14 - (5 + -3 + -7)?
-13
Calculate 1 + -49 + (-6 - -52) + -38.
-40
(-1 - 82) + (-541 - -565) + (7 - 0)
-52
((-12 - -21) + 27 - 68) + -9 + 1
-40
Calculate (-72 - (74 + -315)) + (-30 - -3).
142
Calculate 15 - (28 + -8) - (23 - 102).
74
What is 250 + (-572 - -299) - (1 - (-1 + 0 - 2))?
-27
What is the value of (-59 - -30) + 27 + (3 - 4 - 3) + 37?
31
Evaluate 107 + 1 + 16 + 54 + -110 + 37.
105
Evaluate (-1 - (30 + -12)) + -8 - -9.
-18
Evaluate 119 - (104 + -92 + 60).
47
Evaluate 7 + (7 + 0 - (1 - (24 - 90 - 28))).
-81
Evaluate 7 - 22 - (-486 + 505).
-34
Calculate (-8 + -1 + 1 - (-3313 - -3282)) + -31.
-8
Evaluate (-2 - 22 - -3) + (-1904 - -1886).
-39
Evaluate -6 + (7 - -40 - 14) + (12 - 5) + -4.
30
78 - (6 + -1 - 14 - (-5 + -6) - -3)
73
Evaluate 63 + -77 + 128 + -56.
58
Evaluate (1 - 0) + -43 - ((-19 - -35) + 1 + -20).
-39
Calculate 4 - (0 + 16 + -10 + 9) - (-800 + 837).
-48
What is 38 - 97 - (-44 + 8 - -7)?
-30
What is (126 - (403 - 289)) + (0 - 1)?
11
What is 93 - (-21 - -102) - (13 - (-1 - 1))?
-3
Calculate 91 - 32 - (18 + 3) - (1 + 8).
29
What is (-10 + 9 - (-7 + 1)) + -4 - (-28 + 5)?
24
What is the value of -20 - (30 + (27 - 64) - (0 - 26) - 9)?
-30
What is the value of -6 - (130 + (-143 - 32) + (-1 - 4 - -1))?
43
Calculate (-35 - 1) + (-3231 - -3361).
94
Calculate (1 - -2 - (123 + -115)) + (7 - 2).
0
Calculate 83 + -71 - (28 + 6 - -6).
-28
Evaluate (-9 + -13 - -91 - (-11 - -11)) + -10.
59
4 + (-1 - (-8 - 10) - (-1 - -15))
7
Calculate (-25 + -7 + 41 - -1) + 1 + 33.
44
What is the value of (-23 - (-65 + 23)) + -68 + 2 + -8?
-55
What is -2 + -67 + 9 + -4 + (9 + 2 - 17)?
-70
What is the value of -12 - (-3 - (-30 - -13) - -17 - 3)?
-40
(-50 - (-86 - 46)) + -34 + 0
48
-40 + (127 - 34) + -30
23
What is -7 + 2 + 0 + -1 + (-68 - (-48 - 15))?
-11
Calculate -54 + -28 + -48 + 106.
-24
Calculate 9 + -1 - (12 + -21 - -3).
14
92 + (-4 - (-6 + 10 - -7)) + -8
69
What is 30 - (-21 - (23 + (-28 - 40)))?
6
What is -11 - ((-2 - -14) + 12 - (7 + -9))?
-37
What is the value of -115 - -43 - 57 - -264?
135
Evaluate -15 + (-15 - -79 - -2) + -33.
18
Evaluate (0 - 5) + 0 + (46 - (5 - 13 - -47)).
2
43 - 70 - -9 - (-21 + 0)
3
Evaluate -7 + (46 - 25) + 9 - 35.
-12
-22 + (-98 - -145) + -26
-1
(9 - 32) + 11 + (-4 + -23 - 0)
-39
What is the value of 22 + (47 + -18 - -53)?
104
What is -5 + -3 + 19 + 254 + -275 + -29?
-39
102 - 69 - (15 + -8 - 4)
30
Evaluate -2 - (-65 - -23) - 5.
35
What is the value of 6 + -125 + 123 + (1 - 12) + -21?
-28
Evaluate -647 + 520 - (-43 + -6).
-78
-6 - (0 - -2 - -11 - (-753 + 745))
-27
0 + (6 - (5 - 1)) - (-68 - -35)
35
Evaluate -72 - (-159 - (-121 - -52)).
18
Evaluate (31 + 29 + -32 - 18) + 0 + -13.
-3
Evaluate -36 - (-52 - -12) - 1.
3
(-1 - 1 - 13) + (-1 - (27 - -16))
-59
What is -5 - 22 - (-63 + 75)?
-39
What is 8 - (-4 + 9 - ((11 - 3) + -2))?
9
-19 + (21 - (13 + -35 - 7))
31
Calculate 11 + -16 + -5 + (10 - -3) + -6 + 1.
-2
Calculate -125 + -72 + 83 + (-2 - -9 - -1).
-106
What is the value of (31 - 27) + 1 - -9 - 2?
12
Calculate 95 - (94 + -98 + 107).
-8
Evaluate -3 + -6 + 5 + -38 - (17 + (-22 - -2)).
-39
What is the value of -18 - -88 - (-29 - -17 - 15)?
97
7 + -27 - -43 - 8
15
What is the value of (-43 - (3 - -37) - -42) + 37?
-4
What is (8 - -1) + 0 - (-8 + 11 - 15 - -18)?
3
What is -10 + 12 + (2 - 15) + (411 - 427)?
-27
What is the value of 47 + (4 + -23 - -13 - 12 - -14)?
43
Evaluate -152 + (33 - -6) + (-4 - -21).
-96
What is the value of (-78 - -95 - (7 - 7)) + 11?
28
What is 27 - (0 - 1) - (-2301 + 2270)?
59
Evaluate (-17 - ((0 - 9) + 10 - 3)) + 5 + 37.
27
Evaluate 11 + -7 + 58 + (-12 - 2).
48
What is the value of 7 + 10 + -28 + (46 - (-15 + 7))?
43
What is the value of -76 - -200 - (82 - 2)?
44
196 - (4 + 95) - 53
44
What is (9 - 1) + -6 + -11 + (0 - -9) - -103?
103
Evaluate (0 - 2 - -87) + (-9 + -1 - (12 + -14)).
77
-67 - ((-446 - -444) + (-6 - (4 - 3)))
-58
What is (44 - (-50 + 49)) + -35?
10
-2 + -1 + 3 + 2071 + -2071 + -108
-108
Calculate 300 + -211 - (-2 + 58).
33
What is 99 - 13 - (123 + -133)?
96
What is the value of -1 + -8 - ((18 - 33) + 2 - 6)?
10
Evaluate -21 + (-65 - (-104 + 53)).
-35
What is (-6 - -31 - 5) + (-48 - -51)?
23
(3 - 2) + -13 - ((2 - -9) + (-40 - -19))
-2
Evaluate (1 - -3) + (-1 + -8 - 1) + (-929 - -949).
14
What is the value of (-7 - 7) + (239 - 226)?
-1
Evaluate 35 + 3 - (4473 - 4426).
-9
What is the value of 257 + -213 + (-26 - -1)?
19
Calculate 1 + -1 - -13 - (-305 + 259 + 120).
-61
What is the value of (1978 - 1964) + (-1 - 0) + (3 - -30)?
46
Calculate (-16 - (16 - -22)) + 15 + -13 + -4.
-56
What is the value of (37 - -13) + -12 + -19?
19
Evaluate (2 - 12) + -2 + (2 - -27) + 177 + -207.
-13
What is the value of -23 + (24 - -17) + (105 - (12 - 4))?
115
What is the value of -29 - (-36 - (52 - 42)) - (20 - 1)?
-2
What is -33 + (9 + (10 - 19) - -16) - -68?
51
Evaluate (-1 - 1 - 1) + (-70 - -92 - 33) + -15.
-29
What is -57 + 0 - (-11 - (15 - 14)) - -14?
-31
Calculate -19 - (-9 + 5 + -16 + -3).
4
What is the value of 670 + -661 + (-3 - 43)?
-37
Calculate (102 - (-19 + 23)) + -28 + (0 - -14).
84
Calculate 4 - -26 - (0 + 0 + -2) - (-72 - -71).
33
-72 + (-22 - -44 - 28 - 16 - -23)
-71
Evaluate (-26 - (-14 + -21)) + -1 + 38 + 23.
69
What is -1 + 4 + -148 + (0 - (17 - 39 - -25))?
-148
What is -5 + -1 + -14 + (-16 - -25) + (0 - 49)?
-60
What is the value of (24 - -10) + 6 + (14 - (-4 - -13))?
45
10 - (32 - (-15 + 62 + -25))
0
What is the value of (105 - (91 + 19)) + 91?
86
What is 111 + -155 - (-91 + 11)?
36
What is the value of (1 - -35) + 1355 + -1317?
74
What is the value of -11 - (-156 + 69 + 15)?
61
What is -16 - -64 - (-128 + 228)?
-52
Evaluate 136 + -143 + (-1 - -11) - -58 - (-9 + -4).
74
What is the value of -13 + (33 - (20 + -25))?
25
What is -27 - (-16 - (-6 + (-3 + 4 - 3)))?
-19
Evaluate 63 + -74 + 5 + -1 + -1 + -31.
-39
What is -1 + 2 + -540 + 534 + 60?
55
Evaluate 11 - (115 + -2 + -76 + (0 - (-1 + -7))).
-34
Evaluate 2080 + -2134 + 9 + 0.
-45
(114 - 47 - 73) + 0 + 103 + 1
98
What is 20 + -50 - (-62 - 4)?
36
4 - -38 - -5 - (178 + -160)
29
-36 - (-16 + 15 + -14 + 1 - -3)
-25
What is 33 + (-17 - (-23 + 16))?
23
Calculate (-12 + 17 - -9) + -10 + 16.
20
What is 0 + (22 + -44 - -97) + (-1 + 6 - 18)?
62
What is (7 - (1 + -80)) + (-11 - (-5 - 2 - -9))?
73
Evaluate (44 - (80 + 11) - 29) + -15.
-91
Evaluate 15 - (-8 + (14 - (6 - 4 - -2))).
13
Calculate (-13776 - -13785) + 0 + 0 + -5 - (43 - -1).
-40
What is the value of -2654 - -2647 - (-29 - (1 - 2))?
21
Calculate (-3 - -9) + 0 - (-56 + 69 + -15).
8
What is the value of 56 - (-1 + 29) - (-2 - -9 - (5 + -2))?
24
Evaluate -269 + 283 - (5 - -7).
2
Calculate (-20 - 4) + -16 + 60 + -76.
-56
345 + -358 + (10 - -1 - 0) + 1
-1
(-31 - 62) + 153 + 24 + -3
81
Calculate 21 - (10 - 63) - (1 - -5 - (-35 - -45)).
78
What is 188 + 2 - (-6397 - -6443)?
144
((6 - 3) + 41 - (228 + -219)) + -20
15
What is -19 + 28 + (9 - 2) + -21?
-5
68 + (-26 - 1) + -81 + 88
48
13 + (30 - 20) - 138 - -38
-77
What is -11 - -103 - (-24 + (-52 - -57))?
111
What is the value of 4 + 5 + (-3 - -10 - (-19 - -36)) - 33?
-34
(6 - 3 - -63) + (8 - -15 - 6) + -12
71
What is (-45 - -30) + 20 - (-29 + -9)?
43
What is the value of 14 - (2 - 1) - (